Is 123062354 a multiple of 323?
True
Is 57944138 a multiple of 214?
True
Is 1325 a factor of 700418796?
False
Is 44 a factor of 1658756044?
True
Is 119729046 a multiple of 72?
False
Is 3998062376 a multiple of 77?
True
Is 828049896 a multiple of 491?
True
Is 4 a factor of 750595372?
True
Is 13 a factor of 157421916?
False
Does 19 divide 7169460?
True
Is 1664 a factor of 32635349?
False
Does 2616 divide 191236350?
False
Does 373 divide 35051813?
False
Is 1325734746 a multiple of 1182?
True
Is 8856349 a multiple of 54?
False
Is 1023 a factor of 3132097617?
True
Is 165 a factor of 488151510?
True
Does 6 divide 497434860?
True
Does 1672 divide 62068820?
False
Is 18668628 a multiple of 44?
True
Is 189496161 a multiple of 58?
False
Is 383 a factor of 68650069?
True
Is 43942839 a multiple of 263?
False
Is 4603852410 a multiple of 597?
False
Does 48 divide 11333782?
False
Does 138 divide 213415915?
False
Does 29 divide 14189932?
True
Does 498 divide 130529379?
False
Does 4120 divide 66068320?
True
Is 16043213 a multiple of 31?
True
Is 246057538 a multiple of 162?
False
Is 195 a factor of 21274695?
True
Is 5888 a factor of 346760873?
False
Is 902166 a multiple of 14?
False
Is 531451273 a multiple of 11?
False
Is 93 a factor of 96309591?
True
Is 21 a factor of 416031869?
False
Is 147 a factor of 2125743039?
True
Does 569 divide 34086514?
True
Is 78 a factor of 146848768?
False
Is 180038216 a multiple of 7?
False
Does 36 divide 4861687428?
True
Is 86 a factor of 9994544?
False
Is 817 a factor of 2316391?
False
Is 30391144 a multiple of 333?
False
Is 5 a factor of 10702400?
True
Does 518 divide 34131765?
False
Is 432 a factor of 24231312?
True
Is 27 a factor of 786760385?
False
Does 5 divide 3072879143?
False
Does 556 divide 324265316?
True
Is 41176192 a multiple of 74?
False
Is 616 a factor of 1879224976?
False
Is 26449956 a multiple of 39?
True
Is 28 a factor of 56309400?
True
Is 79320567 a multiple of 36?
False
Does 54 divide 6617181?
False
Is 57752003 a multiple of 317?
False
Is 718 a factor of 22740496?
True
Does 1654 divide 1917831194?
True
Is 459 a factor of 393402254?
False
Is 279233370 a multiple of 1574?
False
Does 220 divide 24169875?
False
Is 18613144 a multiple of 31?
True
Does 19 divide 294017742?
True
Is 305264138 a multiple of 217?
False
Does 2340 divide 50805340?
False
Does 3 divide 517371519?
True
Does 11 divide 250971018?
False
Does 239 divide 23248964?
True
Does 29 divide 5702357?
True
Does 270 divide 795091680?
True
Is 7 a factor of 383249058?
False
Is 1393 a factor of 30981143?
False
Is 995120487 a multiple of 348?
False
Is 857 a factor of 3641063033?
False
Is 14 a factor of 1798042225?
False
Is 17864368 a multiple of 215?
False
Does 106 divide 254104230?
False
Is 15 a factor of 479433620?
False
Does 86 divide 45111902?
True
Does 2 divide 2609403?
False
Is 17792 a factor of 151305138?
False
Is 39893712 a multiple of 48?
True
Does 451 divide 394799086?
True
Is 86746630 a multiple of 11?
False
Is 35 a factor of 151249105?
True
Is 160 a factor of 325410288?
False
Is 1782 a factor of 155958858?
True
Does 3062 divide 88055099?
False
Does 33 divide 48707096?
False
Is 177 a factor of 556342587?
False
Is 47 a factor of 20362656?
True
Is 3 a factor of 5589519?
True
Does 508 divide 26020268?
True
Is 39469104 a multiple of 3519?
True
Does 23 divide 412353200?
True
Is 20348028 a multiple of 186?
True
Is 490377146 a multiple of 898?
True
Is 835624 a multiple of 2?
True
Is 390 a factor of 600432563?
False
Is 107983245 a multiple of 12?
False
Does 5468 divide 324536736?
True
Is 241 a factor of 6901999?
True
Is 4 a factor of 17995207?
False
Is 15 a factor of 940522?
False
Is 55 a factor of 664355670?
True
Is 111 a factor of 548802595?
False
Does 2388 divide 1684065360?
True
Is 390732223 a multiple of 1129?
True
Does 2 divide 12036294?
True
Does 186 divide 3483596082?
False
Is 2154440 a multiple of 20?
True
Is 3678015510 a multiple of 252?
False
Is 4271358336 a multiple of 13216?
True
Does 486 divide 48597123?
False
Is 958072919 a multiple of 33?
False
Is 12 a factor of 712668?
True
Is 614 a factor of 85375413?
False
Is 144202456 a multiple of 8?
True
Does 211 divide 30782659?
False
Does 1585 divide 31426814?
False
Is 240 a factor of 755288256?
False
Does 333 divide 34348642?
False
Does 353 divide 10902390?
False
Is 1221880314 a multiple of 9?
False
Is 32271332 a multiple of 349?
True
Is 387 a factor of 512695932?
False
Does 697 divide 79167741?
False
Is 1111 a factor of 760342209?
False
Does 373 divide 18277991?
False
Is 4 a factor of 43772128?
True
Is 569094414 a multiple of 102?
True
Is 171 a factor of 109629534?
False
Is 353927274 a multiple of 111?
True
Does 22 divide 260702054?
False
Does 774 divide 22300488?
True
Is 3100 a factor of 131241600?
True
Does 2643 divide 40358998?
False
Is 60190910 a multiple of 11?
False
Does 529 divide 54723992?
True
Is 14 a factor of 561873729?
False
Does 8 divide 197930944?
True
Does 13 divide 196218124?
False
Does 97 divide 4730011?
True
Is 378816127 a multiple of 78?
False
Does 132 divide 546887484?
True
Is 5 a factor of 225536232?
False
Is 11052118 a multiple of 22?
True
Does 30 divide 2845523520?
True
Is 5 a factor of 363599?
False
Is 72 a factor of 1333800?
True
Is 228769902 a multiple of 223?
True
Is 77 a factor of 1473912979?
True
Is 786883179 a multiple of 719?
False
Is 15 a factor of 144219030?
True
Is 45 a factor of 13426404?
False
Is 902 a factor of 113263238?
True
Does 20 divide 5361832?
False
Does 418 divide 442031656?
True
Does 2658 divide 780317034?
True
Is 2 a factor of 1381392?
True
Is 2266631098 a multiple of 3295?
False
Does 1497 divide 63899445?
True
Is 70790647 a multiple of 5?
False
Does 273 divide 79454193?
True
Is 31 a factor of 1190124162?
True
Is 176 a factor of 5110678492?
False
Is 65512408 a multiple of 20?
False
Is 127224489 a multiple of 1663?
True
Is 53755330 a multiple of 5?
True
Is 32 a factor of 2681936380?
False
Is 681801911 a multiple of 24?
False
Does 421 divide 1453243585?
True
Is 74241684 a multiple of 44?
True
Is 9 a factor of 792862176?
False
Is 521023101 a multiple of 9?
False
Does 406 divide 17114524?
True
Is 315 a factor of 429595312?
False
Is 302107880 a multiple of 498?
False
Does 433 divide 592533654?
True
Is 16209562 a multiple of 80?
False
Does 27 divide 1677933?
False
Does 3615 divide 518748522?
False
Is 121376115 a multiple of 9?
True
Does 124 divide 1510782768?
True
Does 32 divide 33665920?
True
Is 2161 a factor of 274363986?
False
Is 616528900 a multiple of 9550?
True
Does 1595 divide 114728350?
True
Is 20852258 a multiple of 590?
False
Does 16 divide 51066208?
True
Does 49 divide 14384443?
False
Does 18 divide 304703334?
True
Is 248113910 a multiple of 110?
True
Does 26 divide 64332309?
False
Does 626 divide 3664784?
False
Does 20 divide 76036940?
True
Is 116506448 a multiple of 6?
False
Is 388784960 a multiple of 9?
False
Does 24 divide 1609896?
True
Is 144 a factor of 801571392?
True
Does 27 divide 87603901?
False
Is 4955 a factor of 718894501?
False
Is 1383711104 a multiple of 1856?
True
Is 283186629 a multiple of 1099?
False
Does 9903 divide 1013938461?
True
Is 3104768913 a multiple of 6351?
True
Is 142543700 a multiple of 130?
True
Does 2065 divide 30946090?
True
Does 226 divide 677714550?
False
Is 571676306 a multiple of 17?
True
Does 119 divide 199200883?
True
Does 3 divide 69349779?
True
Is 535146376 a multiple of 103?
False
Is 4051 a factor of 67509915?
True
Is 609 a factor of 975421293?
True
Is 1448539264 a multiple of 6256?
True
Is 85608093 a multiple of 69?
True
Is 444 a factor of 615638856?
True
Does 13 divide 43862195?
True
Does 86 divide 152934832?
True
Is 150688710 a multiple of 45?
True
Does 30 divide 48688560?
True
Is 1942 a factor of 204827356?
False
Is 48997372 a multiple of 2339?
True
Is 35 a factor of 107641660?
True
Is 429 a factor of 2973412338?
False
Is 576 a factor of 80577216?
True
Does 4 divide 56191028?
True
Is 847 a factor of 89923047?
False
Is 805114231 even?
False
Is 506257461 a multiple of 27?
False
Does 13 divide 112309369?
False
Does 8110 divide 81570380?
True
Does 1793 divide 1097316?
True
Is 15007858 a multiple of 22?
False
Does 756 divide 11249870?
False
Is 24 a factor of 81509159?
False
Is 41 a factor of 2398390243?